{"id":2,"date":"2016-05-10T03:48:21","date_gmt":"2016-05-10T03:48:21","guid":{"rendered":"http:\/\/blickwinkel-magazin.de\/?page_id=2"},"modified":"2025-10-24T11:14:48","modified_gmt":"2025-10-24T11:14:48","slug":"sample-page","status":"publish","type":"page","link":"https:\/\/blickwinkel-magazin.de\/","title":{"rendered":""},"content":{"rendered":"<figure class=\"wp-block-image alignfull size-large\"><img loading=\"lazy\" decoding=\"async\" width=\"1024\" height=\"172\" src=\"http:\/\/blickwinkel-magazin.de\/wp-content\/uploads\/2024\/02\/Blickwinkel_Header04_02-Website-1024x172.jpg\" alt=\"\" class=\"wp-image-237\" srcset=\"https:\/\/blickwinkel-magazin.de\/wp-content\/uploads\/2024\/02\/Blickwinkel_Header04_02-Website-1024x172.jpg 1024w, https:\/\/blickwinkel-magazin.de\/wp-content\/uploads\/2024\/02\/Blickwinkel_Header04_02-Website-300x50.jpg 300w, https:\/\/blickwinkel-magazin.de\/wp-content\/uploads\/2024\/02\/Blickwinkel_Header04_02-Website-768x129.jpg 768w, https:\/\/blickwinkel-magazin.de\/wp-content\/uploads\/2024\/02\/Blickwinkel_Header04_02-Website-1536x257.jpg 1536w, https:\/\/blickwinkel-magazin.de\/wp-content\/uploads\/2024\/02\/Blickwinkel_Header04_02-Website-2048x343.jpg 2048w, https:\/\/blickwinkel-magazin.de\/wp-content\/uploads\/2024\/02\/Blickwinkel_Header04_02-Website-1568x263.jpg 1568w\" sizes=\"auto, (max-width: 1024px) 100vw, 1024px\" \/><\/figure><figure class=\"wp-block-image alignfull size-large\"><img loading=\"lazy\" decoding=\"async\" width=\"1024\" height=\"601\" src=\"http:\/\/blickwinkel-magazin.de\/wp-content\/uploads\/2025\/10\/blickwinkel-header08-website-68fb4e49c7bbb-1024x601.webp\" alt=\"\" class=\"wp-image-475\" srcset=\"https:\/\/blickwinkel-magazin.de\/wp-content\/uploads\/2025\/10\/blickwinkel-header08-website-68fb4e49c7bbb-1024x601.webp 1024w, https:\/\/blickwinkel-magazin.de\/wp-content\/uploads\/2025\/10\/blickwinkel-header08-website-68fb4e49c7bbb-300x176.webp 300w, https:\/\/blickwinkel-magazin.de\/wp-content\/uploads\/2025\/10\/blickwinkel-header08-website-68fb4e49c7bbb-768x451.webp 768w, https:\/\/blickwinkel-magazin.de\/wp-content\/uploads\/2025\/10\/blickwinkel-header08-website-68fb4e49c7bbb-1536x902.webp 1536w, https:\/\/blickwinkel-magazin.de\/wp-content\/uploads\/2025\/10\/blickwinkel-header08-website-68fb4e49c7bbb-2048x1202.webp 2048w, https:\/\/blickwinkel-magazin.de\/wp-content\/uploads\/2025\/10\/blickwinkel-header08-website-68fb4e49c7bbb-1568x921.webp 1568w, https:\/\/blickwinkel-magazin.de\/wp-content\/uploads\/2025\/10\/blickwinkel-header08-website-68fb4e49c7bbb-750x440.webp 750w\" sizes=\"auto, (max-width: 1024px) 100vw, 1024px\" \/><\/figure><figure class=\"wp-block-image alignfull size-full\"><a href=\"https:\/\/blickwinkelmag.bigcartel.com\/?_gl=1*12iv4sm*_gcl_au*MTYzMjMyMzg5OS4xNzYwNjAzODY4LjI1MjY5ODI5MS4xNzYxMzAzNjc4LjE3NjEzMDM2Nzg.*_ga*MTg3Njc3OTcwLjE3NDM3MDMxNDM.*_ga_QZ4HDFTSEZ*czE3NjEzMDM2NzIkbzQ3JGcxJHQxNzYxMzAzNjc4JGo1NCRsMCRoNzQ3MzQ5NDU3\" target=\"_blank\" rel=\" noreferrer noopener\"><img loading=\"lazy\" decoding=\"async\" width=\"2000\" height=\"800\" src=\"http:\/\/blickwinkel-magazin.de\/wp-content\/uploads\/2025\/10\/blur_outNow.jpg\" alt=\"\" class=\"wp-image-485\" srcset=\"https:\/\/blickwinkel-magazin.de\/wp-content\/uploads\/2025\/10\/blur_outNow.jpg 2000w, https:\/\/blickwinkel-magazin.de\/wp-content\/uploads\/2025\/10\/blur_outNow-300x120.jpg 300w, https:\/\/blickwinkel-magazin.de\/wp-content\/uploads\/2025\/10\/blur_outNow-1024x410.jpg 1024w, https:\/\/blickwinkel-magazin.de\/wp-content\/uploads\/2025\/10\/blur_outNow-768x307.jpg 768w, https:\/\/blickwinkel-magazin.de\/wp-content\/uploads\/2025\/10\/blur_outNow-1536x614.jpg 1536w, https:\/\/blickwinkel-magazin.de\/wp-content\/uploads\/2025\/10\/blur_outNow-1568x627.jpg 1568w, https:\/\/blickwinkel-magazin.de\/wp-content\/uploads\/2025\/10\/blur_outNow-750x300.jpg 750w\" sizes=\"auto, (max-width: 2000px) 100vw, 2000px\" \/><\/a><\/figure><div style=\"height:4vw\" aria-hidden=\"true\" class=\"wp-block-spacer\"><\/div><div class=\"wp-block-image\"><figure class=\"aligncenter size-full\"><img loading=\"lazy\" decoding=\"async\" width=\"500\" height=\"167\" src=\"http:\/\/blickwinkel-magazin.de\/wp-content\/uploads\/2023\/02\/Titelthema-1.png\" alt=\"\" class=\"wp-image-62\" srcset=\"https:\/\/blickwinkel-magazin.de\/wp-content\/uploads\/2023\/02\/Titelthema-1.png 500w, https:\/\/blickwinkel-magazin.de\/wp-content\/uploads\/2023\/02\/Titelthema-1-300x100.png 300w\" sizes=\"auto, (max-width: 500px) 100vw, 500px\" \/><\/figure><\/div><div style=\"height:3vw\" aria-hidden=\"true\" class=\"wp-block-spacer\"><\/div><div class=\"wp-block-group\"><div class=\"wp-block-group__inner-container is-layout-constrained wp-block-group-is-layout-constrained\"><div class=\"wp-block-columns is-layout-flex wp-container-core-columns-is-layout-1 wp-block-columns-is-layout-flex\"><div class=\"wp-block-column is-layout-flow wp-block-column-is-layout-flow\"><h2 class=\"wp-block-heading has-text-align-center\">Blur &amp; beyond<\/h2>\n\n<p>Was bedeutet Bewegung in der Fotografie \u2013 und wie l\u00e4sst sich das Fl\u00fcchtige sichtbar machen? Auf 120 Seiten widmen wir uns dem Thema Bewegung &amp; Unsch\u00e4rfe. Die Fotograf:innen zeigen, wie Dynamik, Ver\u00e4nderung und Zeit in Bildern erfahrbar werden \u2013 zwischen klarer Form und bewusster Verfremdung.<br><br>Hier findet ihr eine kostenfreie PreView des Hefts:<\/p><\/div><\/div><\/div><\/div><div class=\"_3d-flip-book  fb3d-fullscreen-mode full-size\" data-id=\"483\" data-mode=\"fullscreen\" data-title=\"false\" data-template=\"short-white-book-view\" data-lightbox=\"dark-shadow\" data-urlparam=\"fb3d-page\" data-page-n=\"0\" data-pdf=\"\" data-tax=\"null\" data-thumbnail=\"\" data-cols=\"3\" data-book-template=\"default\" data-trigger=\"\"><\/div><script type=\"text\/javascript\">window.FB3D_CLIENT_DATA = window.FB3D_CLIENT_DATA || [];FB3D_CLIENT_DATA.push('eyJwb3N0cyI6eyI0ODMiOnsiSUQiOjQ4MywidGl0bGUiOiJCbHVyICYgYmV5b25kIEZSRUUiLCJ0eXBlIjoicGRmIiwicmVhZHlfZnVuY3Rpb24iOiIiLCJib29rX3N0eWxlIjoidm9sdW1lLXVucm9sbGluZyIsImJvb2tfdGVtcGxhdGUiOiJub25lIiwib3V0bGluZSI6W10sImRhdGEiOnsicG9zdF9JRCI6IjQ4MiIsImd1aWQiOiJodHRwOlwvXC9ibGlja3dpbmtlbC1tYWdhemluLmRlXC93cC1jb250ZW50XC91cGxvYWRzXC8yMDI1XC8xMFwvQmxpY2t3aW5rZWwtRm90b21hZ2F6aW4tMDgtQmx1ci1iZXlvbmQtRlJFRS5wZGYiLCJwZGZfcGFnZXMiOiI2OCIsInBhZ2VzX2N1c3RvbWl6YXRpb24iOiJub25lIn0sInRodW1ibmFpbCI6eyJkYXRhIjp7InBvc3RfSUQiOiIwIn0sInR5cGUiOiJhdXRvIn0sInByb3BzIjp7ImJhY2tncm91bmRDb2xvciI6ImF1dG8iLCJiYWNrZ3JvdW5kSW1hZ2UiOiJhdXRvIiwiYmFja2dyb3VuZFN0eWxlIjoiYXV0byIsImhpZ2hsaWdodExpbmtzIjoiYXV0byIsImxpZ2h0aW5nIjoiYXV0byIsInNpbmdsZVBhZ2VNb2RlIjoiYXV0byIsImNhY2hlZFBhZ2VzIjoiYXV0byIsInJlbmRlckluYWN0aXZlUGFnZXMiOiJhdXRvIiwicmVuZGVySW5hY3RpdmVQYWdlc09uTW9iaWxlIjoiYXV0byIsInJlbmRlcldoaWxlRmxpcHBpbmciOiJhdXRvIiwicHJlbG9hZFBhZ2VzIjoiYXV0byIsImF1dG9QbGF5RHVyYXRpb24iOiJhdXRvIiwicnRsIjoiYXV0byIsImludGVyYWN0aXZlQ29ybmVycyI6ImF1dG8iLCJtYXhEZXB0aCI6ImF1dG8iLCJzaGVldCI6eyJzdGFydFZlbG9jaXR5IjoiYXV0byIsIndhdmUiOiJhdXRvIiwic2hhcGUiOiJhdXRvIiwid2lkdGhUZXhlbHMiOiJhdXRvIiwiY29sb3IiOiJhdXRvIiwic2lkZSI6ImF1dG8iLCJzdHJldGNoSW1hZ2VzIjoiYXV0byIsImNvcm5lckRldmlhdGlvbiI6ImF1dG8iLCJmbGV4aWJpbGl0eSI6ImF1dG8iLCJmbGV4aWJsZUNvcm5lciI6ImF1dG8iLCJiZW5kaW5nIjoiYXV0byIsImhlaWdodFRleGVscyI6ImF1dG8ifSwiY292ZXIiOnsid2F2ZSI6ImF1dG8iLCJjb2xvciI6ImF1dG8iLCJzaWRlIjoiYXV0byIsInN0cmV0Y2hJbWFnZXMiOiJhdXRvIiwiYmluZGVyVGV4dHVyZSI6ImF1dG8iLCJkZXB0aCI6ImF1dG8iLCJwYWRkaW5nIjoiYXV0byIsInN0YXJ0VmVsb2NpdHkiOiJhdXRvIiwiZmxleGliaWxpdHkiOiJhdXRvIiwiZmxleGlibGVDb3JuZXIiOiJhdXRvIiwiYmVuZGluZyI6ImF1dG8iLCJ3aWR0aFRleGVscyI6ImF1dG8iLCJoZWlnaHRUZXhlbHMiOiJhdXRvIiwibWFzcyI6ImF1dG8iLCJzaGFwZSI6ImF1dG8ifSwicGFnZSI6eyJ3YXZlIjoiYXV0byIsImNvbG9yIjoiYXV0byIsInNpZGUiOiJhdXRvIiwic3RyZXRjaEltYWdlcyI6ImF1dG8iLCJkZXB0aCI6ImF1dG8iLCJzdGFydFZlbG9jaXR5IjoiYXV0byIsImZsZXhpYmlsaXR5IjoiYXV0byIsImZsZXhpYmxlQ29ybmVyIjoiYXV0byIsImJlbmRpbmciOiJhdXRvIiwid2lkdGhUZXhlbHMiOiJhdXRvIiwiaGVpZ2h0VGV4ZWxzIjoiYXV0byIsIm1hc3MiOiJhdXRvIiwic2hhcGUiOiJhdXRvIn0sImhlaWdodCI6ImF1dG8iLCJ3aWR0aCI6ImF1dG8iLCJncmF2aXR5IjoiYXV0byIsInBhZ2VzRm9yUHJlZGljdGluZyI6ImF1dG8ifSwiY29udHJvbFByb3BzIjp7ImFjdGlvbnMiOnsiY21kVG9jIjp7ImVuYWJsZWQiOiJhdXRvIiwiZW5hYmxlZEluTmFycm93IjoiYXV0byIsImFjdGl2ZSI6ImF1dG8iLCJkZWZhdWx0VGFiIjoiYXV0byJ9LCJjbWRBdXRvUGxheSI6eyJlbmFibGVkIjoiYXV0byIsImVuYWJsZWRJbk5hcnJvdyI6ImF1dG8iLCJhY3RpdmUiOiJhdXRvIn0sImNtZFNhdmUiOnsiZW5hYmxlZCI6ImF1dG8iLCJlbmFibGVkSW5OYXJyb3ciOiJhdXRvIn0sImNtZFByaW50Ijp7ImVuYWJsZWQiOiJhdXRvIiwiZW5hYmxlZEluTmFycm93IjoiYXV0byJ9LCJjbWRTaW5nbGVQYWdlIjp7ImVuYWJsZWQiOiJhdXRvIiwiZW5hYmxlZEluTmFycm93IjoiYXV0byIsImFjdGl2ZSI6ImF1dG8iLCJhY3RpdmVGb3JNb2JpbGUiOiJhdXRvIn0sIndpZFRvb2xiYXIiOnsiZW5hYmxlZCI6ImF1dG8iLCJlbmFibGVkSW5OYXJyb3ciOiJhdXRvIn19fSwiYXV0b1RodW1ibmFpbCI6Imh0dHA6XC9cL2JsaWNrd2lua2VsLW1hZ2F6aW4uZGVcL3dwLWNvbnRlbnRcL3VwbG9hZHNcLzNkLWZsaXAtYm9va1wvYXV0by10aHVtYm5haWxzXC80ODMucG5nIiwicG9zdF9uYW1lIjoiYmx1ci1iZXlvbmQtZnJlZSIsInBvc3RfdHlwZSI6IjNkLWZsaXAtYm9vayJ9fSwicGFnZXMiOltdLCJmaXJzdFBhZ2VzIjpbXX0=');window.FB3D_CLIENT_LOCALE && FB3D_CLIENT_LOCALE.render && FB3D_CLIENT_LOCALE.render();<\/script><div style=\"height:1vw\" aria-hidden=\"true\" class=\"wp-block-spacer\"><\/div><div style=\"height:2vw\" aria-hidden=\"true\" class=\"wp-block-spacer\"><\/div><div class=\"wp-block-group alignfull has-background\" style=\"background-color:#e0dcc9\"><div class=\"wp-block-group__inner-container is-layout-flow wp-block-group-is-layout-flow\"><div class=\"wp-block-columns alignwide is-layout-flex wp-container-core-columns-is-layout-2 wp-block-columns-is-layout-flex\"><div class=\"wp-block-column is-layout-flow wp-block-column-is-layout-flow\"><div style=\"height:100px\" aria-hidden=\"true\" class=\"wp-block-spacer\"><\/div>\n\n<h6 class=\"wp-block-heading has-text-color\" id=\"ecosystem\" style=\"color:#000000\">Blickwinkel Magazin f\u00fcr Fotografie<\/h6>\n\n<p class=\"has-text-color\" style=\"color:#000000;font-size:5vw;line-height:1.1\"><strong>Ein Thema &#8211; mehrere Blickwinkel<\/strong><\/p>\n\n<div style=\"height:5px\" aria-hidden=\"true\" class=\"wp-block-spacer\"><\/div><\/div><\/div>\n\n<div class=\"wp-block-columns alignwide are-vertically-aligned-top is-layout-flex wp-container-core-columns-is-layout-3 wp-block-columns-is-layout-flex\"><div class=\"wp-block-column is-vertically-aligned-top is-layout-flow wp-block-column-is-layout-flow\" style=\"flex-basis:33.38%\"><p class=\"has-foreground-color has-text-color\">In jeder Ausgabe des Blickwinkel Magazins steht ein bestimmtes Thema im Mittelpunkt, das von mehreren Fotografierenden auf ihre eigene Art und Weise dargestellt wird. Und da wir alle eine einzigartige Perspektive auf die Welt haben, die von unseren Erfahrungen, Lebensumst\u00e4nden und Werten gepr\u00e4gt ist, entstehen individuelle Blickwinkel auf die selbe Sache. <\/p><\/div>\n\n<div class=\"wp-block-column is-vertically-aligned-top is-layout-flow wp-block-column-is-layout-flow\" style=\"flex-basis:33%\"><div style=\"height:100px\" aria-hidden=\"true\" class=\"wp-block-spacer\"><\/div>\n\n<figure class=\"wp-block-image size-large is-resized\"><img loading=\"lazy\" decoding=\"async\" width=\"683\" height=\"1024\" src=\"http:\/\/blickwinkel-magazin.de\/wp-content\/uploads\/2025\/10\/Foto_Magnus-683x1024.jpg\" alt=\"\" class=\"wp-image-473\" style=\"width:311px\" srcset=\"https:\/\/blickwinkel-magazin.de\/wp-content\/uploads\/2025\/10\/Foto_Magnus-683x1024.jpg 683w, https:\/\/blickwinkel-magazin.de\/wp-content\/uploads\/2025\/10\/Foto_Magnus-200x300.jpg 200w, https:\/\/blickwinkel-magazin.de\/wp-content\/uploads\/2025\/10\/Foto_Magnus-768x1152.jpg 768w, https:\/\/blickwinkel-magazin.de\/wp-content\/uploads\/2025\/10\/Foto_Magnus-750x1125.jpg 750w, https:\/\/blickwinkel-magazin.de\/wp-content\/uploads\/2025\/10\/Foto_Magnus.jpg 1000w\" sizes=\"auto, (max-width: 683px) 100vw, 683px\" \/><figcaption class=\"wp-element-caption\">Foto: Magnus Andersson<\/figcaption><\/figure><\/div>\n\n<div class=\"wp-block-column is-vertically-aligned-top is-layout-flow wp-block-column-is-layout-flow\" style=\"flex-basis:33.62%\"><figure class=\"wp-block-image size-large\"><img loading=\"lazy\" decoding=\"async\" width=\"683\" height=\"1024\" src=\"http:\/\/blickwinkel-magazin.de\/wp-content\/uploads\/2025\/10\/foto-kir-68fb4dac947b4-683x1024.webp\" alt=\"\" class=\"wp-image-474\" srcset=\"https:\/\/blickwinkel-magazin.de\/wp-content\/uploads\/2025\/10\/foto-kir-68fb4dac947b4-683x1024.webp 683w, https:\/\/blickwinkel-magazin.de\/wp-content\/uploads\/2025\/10\/foto-kir-68fb4dac947b4-200x300.webp 200w, https:\/\/blickwinkel-magazin.de\/wp-content\/uploads\/2025\/10\/foto-kir-68fb4dac947b4-768x1152.webp 768w, https:\/\/blickwinkel-magazin.de\/wp-content\/uploads\/2025\/10\/foto-kir-68fb4dac947b4-750x1125.webp 750w, https:\/\/blickwinkel-magazin.de\/wp-content\/uploads\/2025\/10\/foto-kir-68fb4dac947b4.webp 1000w\" sizes=\"auto, (max-width: 683px) 100vw, 683px\" \/><figcaption class=\"wp-element-caption\">Foto: Kir Esadov<\/figcaption><\/figure><\/div><\/div>\n\n<div class=\"wp-block-columns alignwide is-layout-flex wp-container-core-columns-is-layout-4 wp-block-columns-is-layout-flex\"><div class=\"wp-block-column is-layout-flow wp-block-column-is-layout-flow\" style=\"flex-basis:67%\"><div class=\"wp-block-image\"><figure class=\"alignright size-large\"><img loading=\"lazy\" decoding=\"async\" width=\"1024\" height=\"683\" src=\"http:\/\/blickwinkel-magazin.de\/wp-content\/uploads\/2025\/10\/Foto_JuliaAquaArt-1024x683.jpg\" alt=\"\" class=\"wp-image-472\" srcset=\"https:\/\/blickwinkel-magazin.de\/wp-content\/uploads\/2025\/10\/Foto_JuliaAquaArt-1024x683.jpg 1024w, https:\/\/blickwinkel-magazin.de\/wp-content\/uploads\/2025\/10\/Foto_JuliaAquaArt-300x200.jpg 300w, https:\/\/blickwinkel-magazin.de\/wp-content\/uploads\/2025\/10\/Foto_JuliaAquaArt-768x512.jpg 768w, https:\/\/blickwinkel-magazin.de\/wp-content\/uploads\/2025\/10\/Foto_JuliaAquaArt-750x500.jpg 750w, https:\/\/blickwinkel-magazin.de\/wp-content\/uploads\/2025\/10\/Foto_JuliaAquaArt.jpg 1500w\" sizes=\"auto, (max-width: 1024px) 100vw, 1024px\" \/><figcaption class=\"wp-element-caption\">Foto: JuliaAquaArt<\/figcaption><\/figure><\/div><\/div>\n\n<div class=\"wp-block-column is-vertically-aligned-center is-layout-flow wp-block-column-is-layout-flow\" style=\"flex-basis:33%\"><p class=\"has-foreground-color has-text-color has-extra-small-font-size\">Angesiedelt zwischen Bildband und Magazin, geht es in erster Linie darum Fotos einen Raum zur Entfaltung zu bieten. Stilistisch hat jede Art der Fotografie die M\u00f6glichkeit ihren Platz zu finden, abh\u00e4ngig vom Thema der Ausgabe.<\/p>\n\n<p class=\"has-foreground-color has-text-color\">Wenn du Fotos zu unseren<br>Titelthemen pr\u00e4sentieren oder ein<br>eigenes Projekt zeigen m\u00f6chtest, meld dich gerne. Blickwinkel ist ein Magazin zum Mitmachen.<\/p><\/div><\/div>\n\n<div style=\"height:50px\" aria-hidden=\"true\" class=\"wp-block-spacer\"><\/div>\n\n<div style=\"height:3vw\" aria-hidden=\"true\" class=\"wp-block-spacer\"><\/div><\/div><\/div><div class=\"wp-block-group alignfull has-background\" style=\"background-color:#1e2629\"><div class=\"wp-block-group__inner-container is-layout-flow wp-block-group-is-layout-flow\"><div style=\"height:50px\" aria-hidden=\"true\" class=\"wp-block-spacer\"><\/div>\n\n<h2 class=\"wp-block-heading has-text-align-center has-background-color has-text-color\">Vorherige Ausgaben<\/h2>\n\n<div style=\"height:25px\" aria-hidden=\"true\" class=\"wp-block-spacer\"><\/div>\n\n<div class=\"wp-block-columns has-small-font-size is-layout-flex wp-container-core-columns-is-layout-5 wp-block-columns-is-layout-flex\"><div class=\"wp-block-column is-layout-flow wp-block-column-is-layout-flow\" style=\"flex-basis:20%\"><figure class=\"wp-block-image size-large is-style-default\"><a href=\"https:\/\/blickwinkel-magazin.de\/wp-content\/uploads\/2023\/05\/blickwinkel_01_fotografie_in_koeln.pdf\" target=\"_blank\" rel=\"noreferrer noopener\"><img loading=\"lazy\" decoding=\"async\" width=\"768\" height=\"1024\" src=\"https:\/\/blickwinkel-magazin.de\/wp-content\/uploads\/2023\/11\/Blickwinkel-Fotomagazin-01-Entwurf-768x1024.jpg\" alt=\"\" class=\"wp-image-171\" srcset=\"https:\/\/blickwinkel-magazin.de\/wp-content\/uploads\/2023\/11\/Blickwinkel-Fotomagazin-01-Entwurf-768x1024.jpg 768w, https:\/\/blickwinkel-magazin.de\/wp-content\/uploads\/2023\/11\/Blickwinkel-Fotomagazin-01-Entwurf-225x300.jpg 225w, https:\/\/blickwinkel-magazin.de\/wp-content\/uploads\/2023\/11\/Blickwinkel-Fotomagazin-01-Entwurf-1152x1536.jpg 1152w, https:\/\/blickwinkel-magazin.de\/wp-content\/uploads\/2023\/11\/Blickwinkel-Fotomagazin-01-Entwurf.jpg 1240w\" sizes=\"auto, (max-width: 768px) 100vw, 768px\" \/><\/a><\/figure>\n\n<p class=\"has-text-align-center has-background-color has-text-color\">null eins &#8211; Fotografie in K\u00f6ln<\/p><\/div>\n\n<div class=\"wp-block-column is-layout-flow wp-block-column-is-layout-flow\" style=\"flex-basis:20%\"><figure class=\"wp-block-image size-large\"><a href=\"https:\/\/blickwinkel-magazin.de\/Ausgaben\/Blickwinkel_Magazin_02_Feuer_Wasser_Erde_Luft.pdf\" target=\"_blank\" rel=\"noreferrer noopener\"><img loading=\"lazy\" decoding=\"async\" width=\"768\" height=\"1024\" src=\"https:\/\/blickwinkel-magazin.de\/wp-content\/uploads\/2023\/08\/Blickwinkel_Magazin_Cover_-02_Feuer_Wasser_Erde_Luft-768x1024.jpg\" alt=\"\" class=\"wp-image-156\" srcset=\"https:\/\/blickwinkel-magazin.de\/wp-content\/uploads\/2023\/08\/Blickwinkel_Magazin_Cover_-02_Feuer_Wasser_Erde_Luft-768x1024.jpg 768w, https:\/\/blickwinkel-magazin.de\/wp-content\/uploads\/2023\/08\/Blickwinkel_Magazin_Cover_-02_Feuer_Wasser_Erde_Luft-225x300.jpg 225w, https:\/\/blickwinkel-magazin.de\/wp-content\/uploads\/2023\/08\/Blickwinkel_Magazin_Cover_-02_Feuer_Wasser_Erde_Luft-1152x1536.jpg 1152w, https:\/\/blickwinkel-magazin.de\/wp-content\/uploads\/2023\/08\/Blickwinkel_Magazin_Cover_-02_Feuer_Wasser_Erde_Luft.jpg 1500w\" sizes=\"auto, (max-width: 768px) 100vw, 768px\" \/><\/a><\/figure>\n\n<p class=\"has-text-align-center has-background-color has-text-color\">null zwei &#8211; Die vier Elemente<\/p><\/div>\n\n<div class=\"wp-block-column is-layout-flow wp-block-column-is-layout-flow\" style=\"flex-basis:20%\"><figure class=\"wp-block-image size-large\"><a href=\"https:\/\/blickwinkel-magazin.de\/?sdm_process_download=1&amp;download_id=204\" target=\"_blank\" rel=\"noreferrer noopener\"><img loading=\"lazy\" decoding=\"async\" width=\"768\" height=\"1024\" src=\"https:\/\/blickwinkel-magazin.de\/wp-content\/uploads\/2023\/11\/Blickwinkel_Magazin_Cover-VeloloVe-1-768x1024.jpg\" alt=\"\" class=\"wp-image-191\" srcset=\"https:\/\/blickwinkel-magazin.de\/wp-content\/uploads\/2023\/11\/Blickwinkel_Magazin_Cover-VeloloVe-1-768x1024.jpg 768w, https:\/\/blickwinkel-magazin.de\/wp-content\/uploads\/2023\/11\/Blickwinkel_Magazin_Cover-VeloloVe-1-225x300.jpg 225w, https:\/\/blickwinkel-magazin.de\/wp-content\/uploads\/2023\/11\/Blickwinkel_Magazin_Cover-VeloloVe-1-1152x1536.jpg 1152w, https:\/\/blickwinkel-magazin.de\/wp-content\/uploads\/2023\/11\/Blickwinkel_Magazin_Cover-VeloloVe-1.jpg 1500w\" sizes=\"auto, (max-width: 768px) 100vw, 768px\" \/><\/a><\/figure>\n\n<p class=\"has-text-align-center has-background-color has-text-color\">null drei &#8211; Velo loVe<\/p><\/div>\n\n<div class=\"wp-block-column is-layout-flow wp-block-column-is-layout-flow\" style=\"flex-basis:20%\"><figure class=\"wp-block-image size-large\"><a href=\"https:\/\/blickwinkel-magazin.de\/?sdm_process_download=1&amp;download_id=226\"><img loading=\"lazy\" decoding=\"async\" width=\"768\" height=\"1024\" src=\"http:\/\/blickwinkel-magazin.de\/wp-content\/uploads\/2024\/02\/blickwinkel-magazin-cover-mit-rahmen-65bf741e6f11a-768x1024.webp\" alt=\"\" class=\"wp-image-230\" srcset=\"https:\/\/blickwinkel-magazin.de\/wp-content\/uploads\/2024\/02\/blickwinkel-magazin-cover-mit-rahmen-65bf741e6f11a-768x1024.webp 768w, https:\/\/blickwinkel-magazin.de\/wp-content\/uploads\/2024\/02\/blickwinkel-magazin-cover-mit-rahmen-65bf741e6f11a-225x300.webp 225w, https:\/\/blickwinkel-magazin.de\/wp-content\/uploads\/2024\/02\/blickwinkel-magazin-cover-mit-rahmen-65bf741e6f11a-1152x1536.webp 1152w, https:\/\/blickwinkel-magazin.de\/wp-content\/uploads\/2024\/02\/blickwinkel-magazin-cover-mit-rahmen-65bf741e6f11a.webp 1500w\" sizes=\"auto, (max-width: 768px) 100vw, 768px\" \/><\/a><\/figure>\n\n<p class=\"has-text-align-center has-background-color has-text-color\">null vier &#8211; Hautsache<\/p><\/div>\n\n<div class=\"wp-block-column is-layout-flow wp-block-column-is-layout-flow\" style=\"flex-basis:20%\"><figure class=\"wp-block-image size-large\"><a href=\"https:\/\/blickwinkel-magazin.de\/?sdm_process_download=1&amp;download_id=264\"><img loading=\"lazy\" decoding=\"async\" width=\"768\" height=\"1024\" src=\"http:\/\/blickwinkel-magazin.de\/wp-content\/uploads\/2024\/05\/blickwinkel-magazin-cover-05-mit-rahmen-768x1024.webp\" alt=\"\" class=\"wp-image-266\" srcset=\"https:\/\/blickwinkel-magazin.de\/wp-content\/uploads\/2024\/05\/blickwinkel-magazin-cover-05-mit-rahmen-768x1024.webp 768w, https:\/\/blickwinkel-magazin.de\/wp-content\/uploads\/2024\/05\/blickwinkel-magazin-cover-05-mit-rahmen-225x300.webp 225w, https:\/\/blickwinkel-magazin.de\/wp-content\/uploads\/2024\/05\/blickwinkel-magazin-cover-05-mit-rahmen-1152x1536.webp 1152w, https:\/\/blickwinkel-magazin.de\/wp-content\/uploads\/2024\/05\/blickwinkel-magazin-cover-05-mit-rahmen.webp 1500w\" sizes=\"auto, (max-width: 768px) 100vw, 768px\" \/><\/a><\/figure>\n\n<p class=\"has-text-align-center has-background-color has-text-color has-link-color wp-elements-717bafe41a5dd6830b6c8262672b5a3c\">null f\u00fcnf &#8211; Klangkosmos<\/p><\/div><\/div>\n\n<div class=\"wp-block-columns is-layout-flex wp-container-core-columns-is-layout-6 wp-block-columns-is-layout-flex\"><div class=\"wp-block-column is-layout-flow wp-block-column-is-layout-flow\" style=\"flex-basis:17%\"><figure class=\"wp-block-image size-full is-resized\"><a href=\"http:\/\/blickwinkel-magazin.de\/wp-content\/uploads\/2024\/10\/Blickwinkel-006-Minimalismus-Free.pdf\" target=\"_blank\" rel=\" noreferrer noopener\"><img loading=\"lazy\" decoding=\"async\" width=\"450\" height=\"600\" src=\"http:\/\/blickwinkel-magazin.de\/wp-content\/uploads\/2025\/05\/Blickwinkel_Magazin_Cover-mit-Rahmen_06.jpg\" alt=\"\" class=\"wp-image-445\" style=\"width:130px\" srcset=\"https:\/\/blickwinkel-magazin.de\/wp-content\/uploads\/2025\/05\/Blickwinkel_Magazin_Cover-mit-Rahmen_06.jpg 450w, https:\/\/blickwinkel-magazin.de\/wp-content\/uploads\/2025\/05\/Blickwinkel_Magazin_Cover-mit-Rahmen_06-225x300.jpg 225w\" sizes=\"auto, (max-width: 450px) 100vw, 450px\" \/><\/a><\/figure>\n\n<p class=\"has-text-align-center has-background-color has-text-color has-link-color has-small-font-size wp-elements-fda7cc337bf390b11797498b39276b71\">null sechs &#8211; Minimalismus<\/p><\/div><\/div>\n\n<div style=\"height:50px\" aria-hidden=\"true\" class=\"wp-block-spacer\"><\/div><\/div><\/div><div style=\"height:50px\" aria-hidden=\"true\" class=\"wp-block-spacer\"><\/div><div class=\"wp-block-image\"><figure class=\"aligncenter size-full\"><img loading=\"lazy\" decoding=\"async\" width=\"500\" height=\"167\" src=\"http:\/\/blickwinkel-magazin.de\/wp-content\/uploads\/2023\/07\/Newsletter.png\" alt=\"\" class=\"wp-image-136\" srcset=\"https:\/\/blickwinkel-magazin.de\/wp-content\/uploads\/2023\/07\/Newsletter.png 500w, https:\/\/blickwinkel-magazin.de\/wp-content\/uploads\/2023\/07\/Newsletter-300x100.png 300w\" sizes=\"auto, (max-width: 500px) 100vw, 500px\" \/><\/figure><\/div><div style=\"height:50px\" aria-hidden=\"true\" class=\"wp-block-spacer\"><\/div><p>Um keine Ausgabe zu verpassen kannst du dich in unseren Newsletter eintragen und wir benachrichtigen dich, sobald das neue Heft verf\u00fcgbar ist.<\/p><div style=\"height:20px\" aria-hidden=\"true\" class=\"wp-block-spacer\"><\/div><p><code><div class=\"tnp tnp-subscription \">\n<form method=\"post\" action=\"https:\/\/blickwinkel-magazin.de\/wp-admin\/admin-ajax.php?action=tnp&amp;na=s\">\n<input type=\"hidden\" name=\"nlang\" value=\"\">\n<div class=\"tnp-field tnp-field-firstname\"><label for=\"tnp-1\">Vorname<\/label>\n<input class=\"tnp-name\" type=\"text\" name=\"nn\" id=\"tnp-1\" value=\"\" placeholder=\"\" required><\/div>\n<div class=\"tnp-field tnp-field-surname\"><label for=\"tnp-2\">Nachname<\/label>\n<input class=\"tnp-surname\" type=\"text\" name=\"ns\" id=\"tnp-2\" value=\"\" placeholder=\"\" required><\/div><div class=\"tnp-field tnp-field-email\"><label for=\"tnp-3\">eMail Adresse<\/label>\n<input class=\"tnp-email\" type=\"email\" name=\"ne\" id=\"tnp-3\" value=\"\" placeholder=\"\" required><\/div>\n<div class=\"tnp-field tnp-field-button\" style=\"text-align: left\"><input class=\"tnp-submit\" type=\"submit\" value=\"Newsletter abonieren\" style=\"\">\n<\/div>\n<\/form>\n<\/div>\n<\/code><\/p><div style=\"height:100px\" aria-hidden=\"true\" class=\"wp-block-spacer\"><\/div>","protected":false},"excerpt":{"rendered":"<p>Blur &amp; beyond Was bedeutet Bewegung in der Fotografie \u2013 und wie l\u00e4sst sich das Fl\u00fcchtige sichtbar machen? Auf 120 Seiten widmen wir uns dem Thema Bewegung &amp; Unsch\u00e4rfe. Die Fotograf:innen zeigen, wie Dynamik, Ver\u00e4nderung und Zeit in Bildern erfahrbar werden \u2013 zwischen klarer Form und bewusster Verfremdung. Hier findet ihr eine kostenfreie PreView des<a class=\"more-link\" href=\"https:\/\/blickwinkel-magazin.de\/\">Continue reading <\/a><\/p>\n","protected":false},"author":1,"featured_media":0,"parent":0,"menu_order":0,"comment_status":"closed","ping_status":"open","template":"","meta":{"footnotes":""},"class_list":["post-2","page","type-page","status-publish","hentry","entry"],"_links":{"self":[{"href":"https:\/\/blickwinkel-magazin.de\/index.php?rest_route=\/wp\/v2\/pages\/2","targetHints":{"allow":["GET"]}}],"collection":[{"href":"https:\/\/blickwinkel-magazin.de\/index.php?rest_route=\/wp\/v2\/pages"}],"about":[{"href":"https:\/\/blickwinkel-magazin.de\/index.php?rest_route=\/wp\/v2\/types\/page"}],"author":[{"embeddable":true,"href":"https:\/\/blickwinkel-magazin.de\/index.php?rest_route=\/wp\/v2\/users\/1"}],"replies":[{"embeddable":true,"href":"https:\/\/blickwinkel-magazin.de\/index.php?rest_route=%2Fwp%2Fv2%2Fcomments&post=2"}],"version-history":[{"count":127,"href":"https:\/\/blickwinkel-magazin.de\/index.php?rest_route=\/wp\/v2\/pages\/2\/revisions"}],"predecessor-version":[{"id":487,"href":"https:\/\/blickwinkel-magazin.de\/index.php?rest_route=\/wp\/v2\/pages\/2\/revisions\/487"}],"wp:attachment":[{"href":"https:\/\/blickwinkel-magazin.de\/index.php?rest_route=%2Fwp%2Fv2%2Fmedia&parent=2"}],"curies":[{"name":"wp","href":"https:\/\/api.w.org\/{rel}","templated":true}]}}