{"id":126,"date":"2023-05-15T15:17:34","date_gmt":"2023-05-15T15:17:34","guid":{"rendered":"http:\/\/blickwinkel-magazin.de\/?page_id=126"},"modified":"2023-05-15T15:17:34","modified_gmt":"2023-05-15T15:17:34","slug":"datenschutz","status":"publish","type":"page","link":"https:\/\/blickwinkel-magazin.de\/?page_id=126","title":{"rendered":"Datenschutz"},"content":{"rendered":"<h4 class=\"wp-block-heading\">Allgemeiner Hinweis und Pflichtinformationen<\/h4><h6 class=\"wp-block-heading\">Benennung der verantwortlichen Stelle<\/h6><p>Die verantwortliche Stelle f\u00fcr die Datenverarbeitung auf dieser Website ist:<\/p><p>Blickwinkel Magazin f\u00fcr Fotografie<br>Dominik Empl<br>Titusstr. 2<br>50678 K\u00f6ln<\/p><p>Die verantwortliche Stelle entscheidet allein oder gemeinsam mit anderen \u00fcber die Zwecke und Mittel der Verarbeitung von personenbezogenen Daten (z.B. Namen, Kontaktdaten o. \u00c4.).<\/p><h6 class=\"wp-block-heading\">Widerruf Ihrer Einwilligung zur Datenverarbeitung<\/h6><p>Nur mit Ihrer ausdr\u00fccklichen Einwilligung sind einige Vorg\u00e4nge der Datenverarbeitung m\u00f6glich. Ein Widerruf Ihrer bereits erteilten Einwilligung ist jederzeit m\u00f6glich. F\u00fcr den Widerruf gen\u00fcgt eine formlose Mitteilung per E-Mail. Die Rechtm\u00e4\u00dfigkeit der bis zum Widerruf erfolgten Datenverarbeitung bleibt vom Widerruf unber\u00fchrt.<\/p><h6 class=\"wp-block-heading\">Recht auf Beschwerde bei der zust\u00e4ndigen Aufsichtsbeh\u00f6rde<\/h6><p>Als Betroffener steht Ihnen im Falle eines datenschutzrechtlichen Versto\u00dfes ein Beschwerderecht bei der zust\u00e4ndigen Aufsichtsbeh\u00f6rde zu. Zust\u00e4ndige Aufsichtsbeh\u00f6rde bez\u00fcglich datenschutzrechtlicher Fragen ist der Landesdatenschutzbeauftragte des Bundeslandes, in dem sich der Sitz unseres Unternehmens befindet. Der folgende Link stellt eine Liste der Datenschutzbeauftragten sowie deren Kontaktdaten bereit: <a href=\"https:\/\/www.bfdi.bund.de\/DE\/Infothek\/Anschriften_Links\/anschriften_links-node.html\" target=\"_blank\" rel=\"noreferrer noopener\">https:\/\/www.bfdi.bund.de\/DE\/Infothek\/Anschriften_Links\/anschriften_links-node.html<\/a>.<\/p><h6 class=\"wp-block-heading\">Recht auf Daten\u00fcbertragbarkeit<\/h6><p>Ihnen steht das Recht zu, Daten, die wir auf Grundlage Ihrer Einwilligung oder in Erf\u00fcllung eines Vertrags automatisiert verarbeiten, an sich oder an Dritte aush\u00e4ndigen zu lassen. Die Bereitstellung erfolgt in einem maschinenlesbaren Format. Sofern Sie die direkte \u00dcbertragung der Daten an einen anderen Verantwortlichen verlangen, erfolgt dies nur, soweit es technisch machbar ist.<\/p><h6 class=\"wp-block-heading\">Recht auf Auskunft, Berichtigung, Sperrung, L\u00f6schung<\/h6><p>Sie haben jederzeit im Rahmen der geltenden gesetzlichen Bestimmungen das Recht auf unentgeltliche Auskunft \u00fcber Ihre gespeicherten personenbezogenen Daten, Herkunft der Daten, deren Empf\u00e4nger und den Zweck der Datenverarbeitung und ggf. ein Recht auf Berichtigung, Sperrung oder L\u00f6schung dieser Daten. Diesbez\u00fcglich und auch zu weiteren Fragen zum Thema personenbezogene Daten k\u00f6nnen Sie sich jederzeit \u00fcber die im Impressum aufgef\u00fchrten Kontaktm\u00f6glichkeiten an uns wenden.<\/p><h6 class=\"wp-block-heading\">SSL- bzw. TLS-Verschl\u00fcsselung<\/h6><p>Aus Sicherheitsgr\u00fcnden und zum Schutz der \u00dcbertragung vertraulicher Inhalte, die Sie an uns als Seitenbetreiber senden, nutzt unsere Website eine SSL-bzw. TLS-Verschl\u00fcsselung. Damit sind Daten, die Sie \u00fcber diese Website \u00fcbermitteln, f\u00fcr Dritte nicht mitlesbar. Sie erkennen eine verschl\u00fcsselte Verbindung an der \u201ehttps:\/\/\u201c Adresszeile Ihres Browsers und am Schloss-Symbol in der Browserzeile.<\/p><h6 class=\"wp-block-heading\">Kontaktformular<\/h6><p>Per Kontaktformular \u00fcbermittelte Daten werden einschlie\u00dflich Ihrer Kontaktdaten gespeichert, um Ihre Anfrage bearbeiten zu k\u00f6nnen oder um f\u00fcr Anschlussfragen bereitzustehen. Eine Weitergabe dieser Daten findet ohne Ihre Einwilligung nicht statt.<\/p><p>Die Verarbeitung der in das Kontaktformular eingegebenen Daten erfolgt ausschlie\u00dflich auf Grundlage Ihrer Einwilligung (Art. 6 Abs. 1 lit. a DSGVO). Ein Widerruf Ihrer bereits erteilten Einwilligung ist jederzeit m\u00f6glich. F\u00fcr den Widerruf gen\u00fcgt eine formlose Mitteilung per E-Mail. Die Rechtm\u00e4\u00dfigkeit der bis zum Widerruf erfolgten Datenverarbeitungsvorg\u00e4nge bleibt vom Widerruf unber\u00fchrt.<\/p><p>\u00dcber das Kontaktformular \u00fcbermittelte Daten verbleiben bei uns, bis Sie uns zur L\u00f6schung auffordern, Ihre Einwilligung zur Speicherung widerrufen oder keine Notwendigkeit der Datenspeicherung mehr besteht. Zwingende gesetzliche Bestimmungen &#8211; insbesondere Aufbewahrungsfristen &#8211; bleiben unber\u00fchrt.<\/p><h6 class=\"wp-block-heading\">Newsletter-Daten<\/h6><p>Zum Versenden unseres Newsletters ben\u00f6tigen wir von Ihnen eine E-Mail-Adresse. Eine Verifizierung der angegebenen E-Mail-Adresse ist notwendig und der Empfang des Newsletters ist einzuwilligen. Erg\u00e4nzende Daten werden nicht erhoben oder sind freiwillig. Die Verwendung der Daten erfolgt ausschlie\u00dflich f\u00fcr den Versand des Newsletters.<\/p><p>Die bei der Newsletteranmeldung gemachten Daten werden ausschlie\u00dflich auf Grundlage Ihrer Einwilligung (Art. 6 Abs. 1 lit. a DSGVO) verarbeitet. Ein Widerruf Ihrer bereits erteilten Einwilligung ist jederzeit m\u00f6glich. F\u00fcr den Widerruf gen\u00fcgt eine formlose Mitteilung per E-Mail oder Sie melden sich \u00fcber den &#8220;Austragen&#8221;-Link im Newsletter ab. Die Rechtm\u00e4\u00dfigkeit der bereits erfolgten Datenverarbeitungsvorg\u00e4nge bleibt vom Widerruf unber\u00fchrt.<\/p><p>Zur Einrichtung des Abonnements eingegebene Daten werden im Falle der Abmeldung gel\u00f6scht. Sollten diese Daten f\u00fcr andere Zwecke und an anderer Stelle an uns \u00fcbermittelt worden sein, verbleiben diese weiterhin bei uns.<\/p><h4 class=\"wp-block-heading\">Facebook Pixel<\/h4><h6 class=\"wp-block-heading\">Art und Umfang der Verarbeitung<\/h6><p>Wir verwenden Facebook Pixel von Meta Platforms Ireland Limited, 4 Grand Canal Square, Grand Canal Harbour, Dublin 2, Ireland, um sogenannte Custom Audiences zu erstellen, also Besuchergruppen unseres Onlineangebotes zu segmentieren, Conversion-Rates zu ermitteln und diese anschlie\u00dfend zu optimieren. Dies geschieht insbesondere dann, wenn Sie mit Werbeanzeigen, die wir mit Meta Platforms Ireland Limited geschaltet haben, interagieren.<\/p><h6 class=\"wp-block-heading\">Zweck und Rechtsgrundlage<\/h6><p>Der Einsatz von Facebook Pixel erfolgt auf Grundlage Ihrer Einwilligung gem\u00e4\u00df Art. 6 Abs. 1 lit. a. DSGVO und \u00a7 25 Abs. 1 TTDSG.<\/p><p>Wir beabsichtigen personenbezogenen Daten an Drittl\u00e4nder au\u00dferhalb des Europ\u00e4ischen Wirtschaftsraums, insbesondere die USA, zu \u00fcbermitteln. In F\u00e4llen, in denen kein Angemessenheitsbeschluss der Europ\u00e4ischen Kommission existiert (z.B. in den USA) haben wir mit den Empf\u00e4ngern der Daten anderweitige geeignete Garantien im Sinne der Art. 44 ff. DSGVO vereinbart. Dies sind \u2013 sofern nicht anders angegeben \u2013 Standardvertragsklauseln der EU-Kommission gem\u00e4\u00df Durchf\u00fchrungsbeschluss (EU) 2021\/914 vom 4. Juni 2021. Eine Kopie dieser Standardvertragsklauseln k\u00f6nnen Sie unter <a href=\"https:\/\/eur-lex.europa.eu\/legal-content\/DE\/TXT\/HTML\/?uri=CELEX:32021D0914&amp;from=DE\">https:\/\/eur-lex.europa.eu\/legal-content\/DE\/TXT\/HTML\/?uri=CELEX:32021D0914&amp;from=DE<\/a> einsehen.<\/p><p>Zudem holen wir vor einem solchen Drittlandtransfer Ihre Einwilligung nach Art. 49 Abs. 1 Satz 1 lit. a. DSGVO ein, die Sie \u00fcber die Einwilligung im Consent Manager (oder sonstigen Formularen, Registrierungen etc.) erteilen. Wir weisen Sie darauf hin, dass bei Drittland\u00fcbermittlungen im Detail unbekannte Risiken (z.B. die Datenverarbeitung durch Sicherheitsbeh\u00f6rden des Drittlandes, deren genauer Umfang und deren Folgen f\u00fcr Sie wir nicht kennen, auf die wir keinen Einfluss haben und von denen Sie unter Umst\u00e4nden keine Kenntnis erlangen) bestehen k\u00f6nnen.<\/p><h6 class=\"wp-block-heading\">Speicherdauer<\/h6><p>Die konkrete Speicherdauer der verarbeiteten Daten ist nicht durch uns beeinflussbar, sondern wird von Meta Platforms Ireland Limited bestimmt. Weitere Hinweise finden Sie in der Datenschutzerkl\u00e4rung f\u00fcr Facebook Pixel: <a href=\"https:\/\/www.facebook.com\/privacy\/explanation\">https:\/\/www.facebook.com\/privacy\/explanation<\/a>.<\/p><h4 class=\"wp-block-heading\">Google Web Fonts<\/h4><h6 class=\"wp-block-heading\">Art und Umfang der Verarbeitung<\/h6><p>Wir verwenden Google Fonts von Google Ireland Limited, Gordon House, Barrow Street, Dublin 4, Irland, als Dienst zur Bereitstellung von Schriftarten f\u00fcr unser Onlineangebot. Um diese Schriftarten zu beziehen, stellen Sie eine Verbindung zu Servern von Google Ireland Limited her, wobei Ihre IP-Adresse \u00fcbertragen wird.<\/p><h6 class=\"wp-block-heading\">Zweck und Rechtsgrundlage<\/h6><p>Der Einsatz von Google Fonts erfolgt auf Grundlage Ihrer Einwilligung gem\u00e4\u00df Art. 6 Abs. 1 lit. a. DSGVO und \u00a7 25 Abs. 1 TTDSG.<\/p><p>Wir beabsichtigen personenbezogenen Daten an Drittl\u00e4nder au\u00dferhalb des Europ\u00e4ischen Wirtschaftsraums, insbesondere die USA, zu \u00fcbermitteln. In F\u00e4llen, in denen kein Angemessenheitsbeschluss der Europ\u00e4ischen Kommission existiert (z.B. in den USA) haben wir mit den Empf\u00e4ngern der Daten anderweitige geeignete Garantien im Sinne der Art. 44 ff. DSGVO vereinbart. Dies sind \u2013 sofern nicht anders angegeben \u2013 Standardvertragsklauseln der EU-Kommission gem\u00e4\u00df Durchf\u00fchrungsbeschluss (EU) 2021\/914 vom 4. Juni 2021. Eine Kopie dieser Standardvertragsklauseln k\u00f6nnen Sie unter <a href=\"https:\/\/eur-lex.europa.eu\/legal-content\/DE\/TXT\/HTML\/?uri=CELEX:32021D0914&amp;from=DE\">https:\/\/eur-lex.europa.eu\/legal-content\/DE\/TXT\/HTML\/?uri=CELEX:32021D0914&amp;from=DE<\/a> einsehen.<\/p><p>Zudem holen wir vor einem solchen Drittlandtransfer Ihre Einwilligung nach Art. 49 Abs. 1 Satz 1 lit. a. DSGVO ein, die Sie \u00fcber die Einwilligung im Consent Manager (oder sonstigen Formularen, Registrierungen etc.) erteilen. Wir weisen Sie darauf hin, dass bei Drittland\u00fcbermittlungen im Detail unbekannte Risiken (z.B. die Datenverarbeitung durch Sicherheitsbeh\u00f6rden des Drittlandes, deren genauer Umfang und deren Folgen f\u00fcr Sie wir nicht kennen, auf die wir keinen Einfluss haben und von denen Sie unter Umst\u00e4nden keine Kenntnis erlangen) bestehen k\u00f6nnen.<\/p><h6 class=\"wp-block-heading\">Speicherdauer<\/h6><p>Die konkrete Speicherdauer der verarbeiteten Daten ist nicht durch uns beeinflussbar, sondern wird von Google Ireland Limited bestimmt. Weitere Hinweise finden Sie in der Datenschutzerkl\u00e4rung f\u00fcr Google Fonts: <a href=\"https:\/\/policies.google.com\/privacy\">https:\/\/policies.google.com\/privacy<\/a>.<\/p>","protected":false},"excerpt":{"rendered":"<p>Allgemeiner Hinweis und Pflichtinformationen Benennung der verantwortlichen Stelle Die verantwortliche Stelle f\u00fcr die Datenverarbeitung auf dieser Website ist: Blickwinkel Magazin f\u00fcr FotografieDominik EmplTitusstr. 250678 K\u00f6ln Die verantwortliche Stelle entscheidet allein oder gemeinsam mit anderen \u00fcber die Zwecke und Mittel der Verarbeitung von personenbezogenen Daten (z.B. Namen, Kontaktdaten o. \u00c4.). Widerruf Ihrer Einwilligung zur Datenverarbeitung Nur<a class=\"more-link\" href=\"https:\/\/blickwinkel-magazin.de\/?page_id=126\">Continue reading <span class=\"screen-reader-text\">&#8220;Datenschutz&#8221;<\/span><\/a><\/p>\n","protected":false},"author":1,"featured_media":0,"parent":0,"menu_order":0,"comment_status":"closed","ping_status":"closed","template":"","meta":{"footnotes":""},"class_list":["post-126","page","type-page","status-publish","hentry","entry"],"_links":{"self":[{"href":"https:\/\/blickwinkel-magazin.de\/index.php?rest_route=\/wp\/v2\/pages\/126","targetHints":{"allow":["GET"]}}],"collection":[{"href":"https:\/\/blickwinkel-magazin.de\/index.php?rest_route=\/wp\/v2\/pages"}],"about":[{"href":"https:\/\/blickwinkel-magazin.de\/index.php?rest_route=\/wp\/v2\/types\/page"}],"author":[{"embeddable":true,"href":"https:\/\/blickwinkel-magazin.de\/index.php?rest_route=\/wp\/v2\/users\/1"}],"replies":[{"embeddable":true,"href":"https:\/\/blickwinkel-magazin.de\/index.php?rest_route=%2Fwp%2Fv2%2Fcomments&post=126"}],"version-history":[{"count":1,"href":"https:\/\/blickwinkel-magazin.de\/index.php?rest_route=\/wp\/v2\/pages\/126\/revisions"}],"predecessor-version":[{"id":127,"href":"https:\/\/blickwinkel-magazin.de\/index.php?rest_route=\/wp\/v2\/pages\/126\/revisions\/127"}],"wp:attachment":[{"href":"https:\/\/blickwinkel-magazin.de\/index.php?rest_route=%2Fwp%2Fv2%2Fmedia&parent=126"}],"curies":[{"name":"wp","href":"https:\/\/api.w.org\/{rel}","templated":true}]}}

<h4 class="wp-block-heading">Allgemeiner Hinweis und Pflichtinformationen</h4><h6 class="wp-block-heading">Benennung der verantwortlichen Stelle</h6><p>Die verantwortliche Stelle für die Datenverarbeitung auf dieser Website ist:</p><p>Blickwinkel Magazin für Fotografie<br>Dominik Empl<br>Titusstr. 2<br>50678 Köln</p><p>Die verantwortliche Stelle entscheidet allein oder gemeinsam mit anderen über die Zwecke und Mittel der Verarbeitung von personenbezogenen Daten (z.B. Namen, Kontaktdaten o. Ä.).</p><h6 class="wp-block-heading">Widerruf Ihrer Einwilligung zur Datenverarbeitung</h6><p>Nur mit Ihrer ausdrücklichen Einwilligung sind einige Vorgänge der Datenverarbeitung möglich. Ein Widerruf Ihrer bereits erteilten Einwilligung ist jederzeit möglich. Für den Widerruf genügt eine formlose Mitteilung per E-Mail. Die Rechtmäßigkeit der bis zum Widerruf erfolgten Datenverarbeitung bleibt vom Widerruf unberührt.</p><h6 class="wp-block-heading">Recht auf Beschwerde bei der zuständigen Aufsichtsbehörde</h6><p>Als Betroffener steht Ihnen im Falle eines datenschutzrechtlichen Verstoßes ein Beschwerderecht bei der zuständigen Aufsichtsbehörde zu. Zuständige Aufsichtsbehörde bezüglich datenschutzrechtlicher Fragen ist der Landesdatenschutzbeauftragte des Bundeslandes, in dem sich der Sitz unseres Unternehmens befindet. Der folgende Link stellt eine Liste der Datenschutzbeauftragten sowie deren Kontaktdaten bereit: <a href="https://www.bfdi.bund.de/DE/Infothek/Anschriften_Links/anschriften_links-node.html" target="_blank" rel="noreferrer noopener">https://www.bfdi.bund.de/DE/Infothek/Anschriften_Links/anschriften_links-node.html</a>.</p><h6 class="wp-block-heading">Recht auf Datenübertragbarkeit</h6><p>Ihnen steht das Recht zu, Daten, die wir auf Grundlage Ihrer Einwilligung oder in Erfüllung eines Vertrags automatisiert verarbeiten, an sich oder an Dritte aushändigen zu lassen. Die Bereitstellung erfolgt in einem maschinenlesbaren Format. Sofern Sie die direkte Übertragung der Daten an einen anderen Verantwortlichen verlangen, erfolgt dies nur, soweit es technisch machbar ist.</p><h6 class="wp-block-heading">Recht auf Auskunft, Berichtigung, Sperrung, Löschung</h6><p>Sie haben jederzeit im Rahmen der geltenden gesetzlichen Bestimmungen das Recht auf unentgeltliche Auskunft über Ihre gespeicherten personenbezogenen Daten, Herkunft der Daten, deren Empfänger und den Zweck der Datenverarbeitung und ggf. ein Recht auf Berichtigung, Sperrung oder Löschung dieser Daten. Diesbezüglich und auch zu weiteren Fragen zum Thema personenbezogene Daten können Sie sich jederzeit über die im Impressum aufgeführten Kontaktmöglichkeiten an uns wenden.</p><h6 class="wp-block-heading">SSL- bzw. TLS-Verschlüsselung</h6><p>Aus Sicherheitsgründen und zum Schutz der Übertragung vertraulicher Inhalte, die Sie an uns als Seitenbetreiber senden, nutzt unsere Website eine SSL-bzw. TLS-Verschlüsselung. Damit sind Daten, die Sie über diese Website übermitteln, für Dritte nicht mitlesbar. Sie erkennen eine verschlüsselte Verbindung an der „https://“ Adresszeile Ihres Browsers und am Schloss-Symbol in der Browserzeile.</p><h6 class="wp-block-heading">Kontaktformular</h6><p>Per Kontaktformular übermittelte Daten werden einschließlich Ihrer Kontaktdaten gespeichert, um Ihre Anfrage bearbeiten zu können oder um für Anschlussfragen bereitzustehen. Eine Weitergabe dieser Daten findet ohne Ihre Einwilligung nicht statt.</p><p>Die Verarbeitung der in das Kontaktformular eingegebenen Daten erfolgt ausschließlich auf Grundlage Ihrer Einwilligung (Art. 6 Abs. 1 lit. a DSGVO). Ein Widerruf Ihrer bereits erteilten Einwilligung ist jederzeit möglich. Für den Widerruf genügt eine formlose Mitteilung per E-Mail. Die Rechtmäßigkeit der bis zum Widerruf erfolgten Datenverarbeitungsvorgänge bleibt vom Widerruf unberührt.</p><p>Über das Kontaktformular übermittelte Daten verbleiben bei uns, bis Sie uns zur Löschung auffordern, Ihre Einwilligung zur Speicherung widerrufen oder keine Notwendigkeit der Datenspeicherung mehr besteht. Zwingende gesetzliche Bestimmungen &#8211; insbesondere Aufbewahrungsfristen &#8211; bleiben unberührt.</p><h6 class="wp-block-heading">Newsletter-Daten</h6><p>Zum Versenden unseres Newsletters benötigen wir von Ihnen eine E-Mail-Adresse. Eine Verifizierung der angegebenen E-Mail-Adresse ist notwendig und der Empfang des Newsletters ist einzuwilligen. Ergänzende Daten werden nicht erhoben oder sind freiwillig. Die Verwendung der Daten erfolgt ausschließlich für den Versand des Newsletters.</p><p>Die bei der Newsletteranmeldung gemachten Daten werden ausschließlich auf Grundlage Ihrer Einwilligung (Art. 6 Abs. 1 lit. a DSGVO) verarbeitet. Ein Widerruf Ihrer bereits erteilten Einwilligung ist jederzeit möglich. Für den Widerruf genügt eine formlose Mitteilung per E-Mail oder Sie melden sich über den &#8220;Austragen&#8221;-Link im Newsletter ab. Die Rechtmäßigkeit der bereits erfolgten Datenverarbeitungsvorgänge bleibt vom Widerruf unberührt.</p><p>Zur Einrichtung des Abonnements eingegebene Daten werden im Falle der Abmeldung gelöscht. Sollten diese Daten für andere Zwecke und an anderer Stelle an uns übermittelt worden sein, verbleiben diese weiterhin bei uns.</p><h4 class="wp-block-heading">Facebook Pixel</h4><h6 class="wp-block-heading">Art und Umfang der Verarbeitung</h6><p>Wir verwenden Facebook Pixel von Meta Platforms Ireland Limited, 4 Grand Canal Square, Grand Canal Harbour, Dublin 2, Ireland, um sogenannte Custom Audiences zu erstellen, also Besuchergruppen unseres Onlineangebotes zu segmentieren, Conversion-Rates zu ermitteln und diese anschließend zu optimieren. Dies geschieht insbesondere dann, wenn Sie mit Werbeanzeigen, die wir mit Meta Platforms Ireland Limited geschaltet haben, interagieren.</p><h6 class="wp-block-heading">Zweck und Rechtsgrundlage</h6><p>Der Einsatz von Facebook Pixel erfolgt auf Grundlage Ihrer Einwilligung gemäß Art. 6 Abs. 1 lit. a. DSGVO und § 25 Abs. 1 TTDSG.</p><p>Wir beabsichtigen personenbezogenen Daten an Drittländer außerhalb des Europäischen Wirtschaftsraums, insbesondere die USA, zu übermitteln. In Fällen, in denen kein Angemessenheitsbeschluss der Europäischen Kommission existiert (z.B. in den USA) haben wir mit den Empfängern der Daten anderweitige geeignete Garantien im Sinne der Art. 44 ff. DSGVO vereinbart. Dies sind – sofern nicht anders angegeben – Standardvertragsklauseln der EU-Kommission gemäß Durchführungsbeschluss (EU) 2021/914 vom 4. Juni 2021. Eine Kopie dieser Standardvertragsklauseln können Sie unter <a href="https://eur-lex.europa.eu/legal-content/DE/TXT/HTML/?uri=CELEX:32021D0914&amp;from=DE">https://eur-lex.europa.eu/legal-content/DE/TXT/HTML/?uri=CELEX:32021D0914&amp;from=DE</a> einsehen.</p><p>Zudem holen wir vor einem solchen Drittlandtransfer Ihre Einwilligung nach Art. 49 Abs. 1 Satz 1 lit. a. DSGVO ein, die Sie über die Einwilligung im Consent Manager (oder sonstigen Formularen, Registrierungen etc.) erteilen. Wir weisen Sie darauf hin, dass bei Drittlandübermittlungen im Detail unbekannte Risiken (z.B. die Datenverarbeitung durch Sicherheitsbehörden des Drittlandes, deren genauer Umfang und deren Folgen für Sie wir nicht kennen, auf die wir keinen Einfluss haben und von denen Sie unter Umständen keine Kenntnis erlangen) bestehen können.</p><h6 class="wp-block-heading">Speicherdauer</h6><p>Die konkrete Speicherdauer der verarbeiteten Daten ist nicht durch uns beeinflussbar, sondern wird von Meta Platforms Ireland Limited bestimmt. Weitere Hinweise finden Sie in der Datenschutzerklärung für Facebook Pixel: <a href="https://www.facebook.com/privacy/explanation">https://www.facebook.com/privacy/explanation</a>.</p><h4 class="wp-block-heading">Google Web Fonts</h4><h6 class="wp-block-heading">Art und Umfang der Verarbeitung</h6><p>Wir verwenden Google Fonts von Google Ireland Limited, Gordon House, Barrow Street, Dublin 4, Irland, als Dienst zur Bereitstellung von Schriftarten für unser Onlineangebot. Um diese Schriftarten zu beziehen, stellen Sie eine Verbindung zu Servern von Google Ireland Limited her, wobei Ihre IP-Adresse übertragen wird.</p><h6 class="wp-block-heading">Zweck und Rechtsgrundlage</h6><p>Der Einsatz von Google Fonts erfolgt auf Grundlage Ihrer Einwilligung gemäß Art. 6 Abs. 1 lit. a. DSGVO und § 25 Abs. 1 TTDSG.</p><p>Wir beabsichtigen personenbezogenen Daten an Drittländer außerhalb des Europäischen Wirtschaftsraums, insbesondere die USA, zu übermitteln. In Fällen, in denen kein Angemessenheitsbeschluss der Europäischen Kommission existiert (z.B. in den USA) haben wir mit den Empfängern der Daten anderweitige geeignete Garantien im Sinne der Art. 44 ff. DSGVO vereinbart. Dies sind – sofern nicht anders angegeben – Standardvertragsklauseln der EU-Kommission gemäß Durchführungsbeschluss (EU) 2021/914 vom 4. Juni 2021. Eine Kopie dieser Standardvertragsklauseln können Sie unter <a href="https://eur-lex.europa.eu/legal-content/DE/TXT/HTML/?uri=CELEX:32021D0914&amp;from=DE">https://eur-lex.europa.eu/legal-content/DE/TXT/HTML/?uri=CELEX:32021D0914&amp;from=DE</a> einsehen.</p><p>Zudem holen wir vor einem solchen Drittlandtransfer Ihre Einwilligung nach Art. 49 Abs. 1 Satz 1 lit. a. DSGVO ein, die Sie über die Einwilligung im Consent Manager (oder sonstigen Formularen, Registrierungen etc.) erteilen. Wir weisen Sie darauf hin, dass bei Drittlandübermittlungen im Detail unbekannte Risiken (z.B. die Datenverarbeitung durch Sicherheitsbehörden des Drittlandes, deren genauer Umfang und deren Folgen für Sie wir nicht kennen, auf die wir keinen Einfluss haben und von denen Sie unter Umständen keine Kenntnis erlangen) bestehen können.</p><h6 class="wp-block-heading">Speicherdauer</h6><p>Die konkrete Speicherdauer der verarbeiteten Daten ist nicht durch uns beeinflussbar, sondern wird von Google Ireland Limited bestimmt. Weitere Hinweise finden Sie in der Datenschutzerklärung für Google Fonts: <a href="https://policies.google.com/privacy">https://policies.google.com/privacy</a>.</p>

<p>Allgemeiner Hinweis und Pflichtinformationen Benennung der verantwortlichen Stelle Die verantwortliche Stelle für die Datenverarbeitung auf dieser Website ist: Blickwinkel Magazin für FotografieDominik EmplTitusstr. 250678 Köln Die verantwortliche Stelle entscheidet allein oder gemeinsam mit anderen über die Zwecke und Mittel der Verarbeitung von personenbezogenen Daten (z.B. Namen, Kontaktdaten o. Ä.). Widerruf Ihrer Einwilligung zur Datenverarbeitung Nur<a class="more-link" href="https://blickwinkel-magazin.de/?page_id=126">Continue reading <span class="screen-reader-text">&#8220;Datenschutz&#8221;</span></a></p>
